{"id":596,"date":"2024-08-26T10:05:25","date_gmt":"2024-08-26T08:05:25","guid":{"rendered":"https:\/\/gyorietouni.hu\/?page_id=596"},"modified":"2024-08-29T11:50:11","modified_gmt":"2024-08-29T09:50:11","slug":"hirek","status":"publish","type":"page","link":"https:\/\/gyorietouni.hu\/en\/hirek\/","title":{"rendered":"News"},"content":{"rendered":"<div class=\"wp-block-query is-layout-flow wp-block-query-is-layout-flow\"><ul class=\"columns-3 wp-block-post-template is-layout-grid wp-container-core-post-template-is-layout-f69fb822 wp-block-post-template-is-layout-grid\"><li class=\"wp-block-post post-5693 post type-post status-publish format-standard has-post-thumbnail hentry category-egyeb\">\n<h2 class=\"wp-block-post-title\"><a href=\"https:\/\/gyorietouni.hu\/en\/2026\/09\/01\/szezonkezdes-veszpremben\/\" target=\"_self\" >szezonkezd\u00e9s veszpr\u00e9mben<\/a><\/h2>\n\n<figure class=\"alignwide wp-block-post-featured-image\"><a href=\"https:\/\/gyorietouni.hu\/en\/2026\/09\/01\/szezonkezdes-veszpremben\/\" target=\"_self\" ><img loading=\"lazy\" decoding=\"async\" width=\"2560\" height=\"1698\" src=\"https:\/\/gyorietouni.hu\/wp-content\/uploads\/2026_08_06_ETO-UNI-Veszprem-023-scaled.jpg\" class=\"attachment-post-thumbnail size-post-thumbnail wp-post-image\" alt=\"szezonkezd\u00e9s veszpr\u00e9mben\" style=\"object-fit:cover;\" srcset=\"https:\/\/gyorietouni.hu\/wp-content\/uploads\/2026_08_06_ETO-UNI-Veszprem-023-scaled.jpg 2560w, https:\/\/gyorietouni.hu\/wp-content\/uploads\/2026_08_06_ETO-UNI-Veszprem-023-300x199.jpg 300w, https:\/\/gyorietouni.hu\/wp-content\/uploads\/2026_08_06_ETO-UNI-Veszprem-023-1024x679.jpg 1024w, https:\/\/gyorietouni.hu\/wp-content\/uploads\/2026_08_06_ETO-UNI-Veszprem-023-768x509.jpg 768w, https:\/\/gyorietouni.hu\/wp-content\/uploads\/2026_08_06_ETO-UNI-Veszprem-023-1536x1019.jpg 1536w, https:\/\/gyorietouni.hu\/wp-content\/uploads\/2026_08_06_ETO-UNI-Veszprem-023-2048x1358.jpg 2048w, https:\/\/gyorietouni.hu\/wp-content\/uploads\/2026_08_06_ETO-UNI-Veszprem-023-18x12.jpg 18w\" sizes=\"auto, (max-width: 2560px) 100vw, 2560px\" \/><\/a><\/figure>\n\n<div class=\"wp-block-post-excerpt\"><p class=\"wp-block-post-excerpt__excerpt\">Szerd\u00e1n megkezdi szerepl\u00e9s\u00e9t a K&amp;H f\u00e9rfi k\u00e9zilabda liga 2026\/2027-es ki\u00edr\u00e1s\u00e1ban az ETO University Handball Team. A 4. fordul\u00f3b\u00f3l el\u0151rehozott m\u00e9rk\u0151z\u00e9sen r\u00f6gt\u00f6n komoly er\u0151pr\u00f3ba v\u00e1r csapatunkra, amely a rekordbajnok One Veszpr\u00e9m otthon\u00e1ban l\u00e9p p\u00e1ly\u00e1ra. A tal\u00e1lkoz\u00f3t 2026. szeptember 2-\u00e1n, 18 \u00f3r\u00e1t\u00f3l rendezik a One Veszpr\u00e9m Ar\u00e9n\u00e1ban. V\u00e9get \u00e9rt a ny\u00e1ri felk\u00e9sz\u00fcl\u00e9si id\u0151szak, csapatunk pedig r\u00f6gt\u00f6n k\u00e9t&hellip; <\/p><\/div>\n\n\n<hr class=\"wp-block-separator has-css-opacity\"\/>\n\n\n<div class=\"wp-block-post-date\"><time datetime=\"2026-09-01T12:50:03+02:00\">2026.09.01.<\/time><\/div>\n<\/li><li class=\"wp-block-post post-5689 post type-post status-publish format-standard has-post-thumbnail hentry category-egyeb\">\n<h2 class=\"wp-block-post-title\"><a href=\"https:\/\/gyorietouni.hu\/en\/2026\/08\/31\/a-csapatkapitany-pasztor-imre\/\" target=\"_self\" >A csapatkapit\u00e1ny: P\u00e1sztor Imre<\/a><\/h2>\n\n<figure class=\"alignwide wp-block-post-featured-image\"><a href=\"https:\/\/gyorietouni.hu\/en\/2026\/08\/31\/a-csapatkapitany-pasztor-imre\/\" target=\"_self\" ><img loading=\"lazy\" decoding=\"async\" width=\"1080\" height=\"848\" src=\"https:\/\/gyorietouni.hu\/wp-content\/uploads\/Insta-meret-8-e1788189942524.png\" class=\"attachment-post-thumbnail size-post-thumbnail wp-post-image\" alt=\"A csapatkapit\u00e1ny: P\u00e1sztor Imre\" style=\"object-fit:cover;\" srcset=\"https:\/\/gyorietouni.hu\/wp-content\/uploads\/Insta-meret-8-e1788189942524.png 1080w, https:\/\/gyorietouni.hu\/wp-content\/uploads\/Insta-meret-8-e1788189942524-300x236.png 300w, https:\/\/gyorietouni.hu\/wp-content\/uploads\/Insta-meret-8-e1788189942524-1024x804.png 1024w, https:\/\/gyorietouni.hu\/wp-content\/uploads\/Insta-meret-8-e1788189942524-768x603.png 768w, https:\/\/gyorietouni.hu\/wp-content\/uploads\/Insta-meret-8-e1788189942524-15x12.png 15w\" sizes=\"auto, (max-width: 1080px) 100vw, 1080px\" \/><\/a><\/figure>\n\n<div class=\"wp-block-post-excerpt\"><p class=\"wp-block-post-excerpt__excerpt\">A Kopornyik Zsolt vezette szakmai st\u00e1b kijel\u00f6lte a 2026\/27-es szezon csapatkapit\u00e1ny\u00e1t \u00e9s helyetteseit. A karszalagot P\u00e1sztor Imre viseli majd, aki csapatkapit\u00e1nyk\u00e9nt vezetheti p\u00e1ly\u00e1ra az ETO University Handball Teamet, munk\u00e1j\u00e1t pedig Gy\u0151ri M\u00e1ty\u00e1s \u00e9s H\u00e1ri Levente seg\u00edti helyettesk\u00e9nt. A K&amp;H f\u00e9rfi k\u00e9zilabda liga m\u00e9rk\u0151z\u00e9sein \u00edgy ezent\u00fal P\u00e1sztor Imre vezet\u00e9s\u00e9vel fut majd p\u00e1ly\u00e1ra csapatunk. Kopornyik Zsolt vezet\u0151edz\u0151&hellip; <\/p><\/div>\n\n\n<hr class=\"wp-block-separator has-css-opacity\"\/>\n\n\n<div class=\"wp-block-post-date\"><time datetime=\"2026-08-31T17:23:09+02:00\">2026.08.31.<\/time><\/div>\n<\/li><li class=\"wp-block-post post-5682 post type-post status-publish format-standard has-post-thumbnail hentry category-egyeb\">\n<h2 class=\"wp-block-post-title\"><a href=\"https:\/\/gyorietouni.hu\/en\/2026\/08\/30\/zold-feherben-bognar-alex\/\" target=\"_self\" >Z\u00d6LD-FEH\u00c9RBEN | BOGN\u00c1R ALEX<\/a><\/h2>\n\n<figure class=\"alignwide wp-block-post-featured-image\"><a href=\"https:\/\/gyorietouni.hu\/en\/2026\/08\/30\/zold-feherben-bognar-alex\/\" target=\"_self\" ><img loading=\"lazy\" decoding=\"async\" width=\"2241\" height=\"2560\" src=\"https:\/\/gyorietouni.hu\/wp-content\/uploads\/2026_08_06_ETO-UNI-Veszprem-022-scaled.jpg\" class=\"attachment-post-thumbnail size-post-thumbnail wp-post-image\" alt=\"Z\u00d6LD-FEH\u00c9RBEN | BOGN\u00c1R ALEX\" style=\"object-fit:cover;\" srcset=\"https:\/\/gyorietouni.hu\/wp-content\/uploads\/2026_08_06_ETO-UNI-Veszprem-022-scaled.jpg 2241w, https:\/\/gyorietouni.hu\/wp-content\/uploads\/2026_08_06_ETO-UNI-Veszprem-022-263x300.jpg 263w, https:\/\/gyorietouni.hu\/wp-content\/uploads\/2026_08_06_ETO-UNI-Veszprem-022-897x1024.jpg 897w, https:\/\/gyorietouni.hu\/wp-content\/uploads\/2026_08_06_ETO-UNI-Veszprem-022-768x877.jpg 768w, https:\/\/gyorietouni.hu\/wp-content\/uploads\/2026_08_06_ETO-UNI-Veszprem-022-1345x1536.jpg 1345w, https:\/\/gyorietouni.hu\/wp-content\/uploads\/2026_08_06_ETO-UNI-Veszprem-022-1793x2048.jpg 1793w, https:\/\/gyorietouni.hu\/wp-content\/uploads\/2026_08_06_ETO-UNI-Veszprem-022-11x12.jpg 11w\" sizes=\"auto, (max-width: 2241px) 100vw, 2241px\" \/><\/a><\/figure>\n\n<div class=\"wp-block-post-excerpt\"><p class=\"wp-block-post-excerpt__excerpt\">A k\u00e9zilabd\u00e1val a Csan\u00e1di KSI sz\u00edneiben ismerkedett meg Bogn\u00e1r Alex, majd a R\u00e9v TSC-t k\u00f6vet\u0151en m\u00e9g tin\u00e9dzserk\u00e9nt V\u00e1cra ker\u00fclt, ahol mind\u00f6ssze 17 \u00e9vesen az NB I-ben is bemutatkozhatott. Tehets\u00e9g\u00e9re hamar felfigyeltek: 2019-ben az U19-es magyar v\u00e1logatottal vil\u00e1gbajnoki \u00f6t\u00f6dik helyez\u00e9st \u00e9rt el, ugyanebben az \u00e9vben pedig Magyarorsz\u00e1g legjobb ifj\u00fas\u00e1gi f\u00e9rfi k\u00e9zilabd\u00e1z\u00f3j\u00e1nak v\u00e1lasztott\u00e1k. P\u00e1lyafut\u00e1sa k\u00f6vetkez\u0151 meghat\u00e1roz\u00f3 \u00e1llom\u00e1s\u00e1t&hellip; <\/p><\/div>\n\n\n<hr class=\"wp-block-separator has-css-opacity\"\/>\n\n\n<div class=\"wp-block-post-date\"><time datetime=\"2026-08-30T19:04:14+02:00\">2026.08.30.<\/time><\/div>\n<\/li><\/ul><\/div>","protected":false},"excerpt":{"rendered":"","protected":false},"author":2,"featured_media":0,"parent":0,"menu_order":0,"comment_status":"closed","ping_status":"closed","template":"hirek","meta":{"ngg_post_thumbnail":0,"footnotes":""},"class_list":["post-596","page","type-page","status-publish","hentry"],"_links":{"self":[{"href":"https:\/\/gyorietouni.hu\/en\/wp-json\/wp\/v2\/pages\/596","targetHints":{"allow":["GET"]}}],"collection":[{"href":"https:\/\/gyorietouni.hu\/en\/wp-json\/wp\/v2\/pages"}],"about":[{"href":"https:\/\/gyorietouni.hu\/en\/wp-json\/wp\/v2\/types\/page"}],"author":[{"embeddable":true,"href":"https:\/\/gyorietouni.hu\/en\/wp-json\/wp\/v2\/users\/2"}],"replies":[{"embeddable":true,"href":"https:\/\/gyorietouni.hu\/en\/wp-json\/wp\/v2\/comments?post=596"}],"version-history":[{"count":2,"href":"https:\/\/gyorietouni.hu\/en\/wp-json\/wp\/v2\/pages\/596\/revisions"}],"predecessor-version":[{"id":2083,"href":"https:\/\/gyorietouni.hu\/en\/wp-json\/wp\/v2\/pages\/596\/revisions\/2083"}],"wp:attachment":[{"href":"https:\/\/gyorietouni.hu\/en\/wp-json\/wp\/v2\/media?parent=596"}],"curies":[{"name":"wp","href":"https:\/\/api.w.org\/{rel}","templated":true}]}}

<div class="wp-block-query is-layout-flow wp-block-query-is-layout-flow"><ul class="columns-3 wp-block-post-template is-layout-grid wp-container-core-post-template-is-layout-f69fb822 wp-block-post-template-is-layout-grid"><li class="wp-block-post post-5693 post type-post status-publish format-standard has-post-thumbnail hentry category-egyeb">
<h2 class="wp-block-post-title"><a href="https://gyorietouni.hu/en/2026/09/01/szezonkezdes-veszpremben/" target="_self" >szezonkezdés veszprémben</a></h2>

<figure class="alignwide wp-block-post-featured-image"><a href="https://gyorietouni.hu/en/2026/09/01/szezonkezdes-veszpremben/" target="_self" ><img loading="lazy" decoding="async" width="2560" height="1698" src="https://gyorietouni.hu/wp-content/uploads/2026_08_06_ETO-UNI-Veszprem-023-scaled.jpg" class="attachment-post-thumbnail size-post-thumbnail wp-post-image" alt="szezonkezdés veszprémben" style="object-fit:cover;" srcset="https://gyorietouni.hu/wp-content/uploads/2026_08_06_ETO-UNI-Veszprem-023-scaled.jpg 2560w, https://gyorietouni.hu/wp-content/uploads/2026_08_06_ETO-UNI-Veszprem-023-300x199.jpg 300w, https://gyorietouni.hu/wp-content/uploads/2026_08_06_ETO-UNI-Veszprem-023-1024x679.jpg 1024w, https://gyorietouni.hu/wp-content/uploads/2026_08_06_ETO-UNI-Veszprem-023-768x509.jpg 768w, https://gyorietouni.hu/wp-content/uploads/2026_08_06_ETO-UNI-Veszprem-023-1536x1019.jpg 1536w, https://gyorietouni.hu/wp-content/uploads/2026_08_06_ETO-UNI-Veszprem-023-2048x1358.jpg 2048w, https://gyorietouni.hu/wp-content/uploads/2026_08_06_ETO-UNI-Veszprem-023-18x12.jpg 18w" sizes="auto, (max-width: 2560px) 100vw, 2560px" /></a></figure>

<div class="wp-block-post-excerpt"><p class="wp-block-post-excerpt__excerpt">Szerdán megkezdi szereplését a K&amp;H férfi kézilabda liga 2026/2027-es kiírásában az ETO University Handball Team. A 4. fordulóból előrehozott mérkőzésen rögtön komoly erőpróba vár csapatunkra, amely a rekordbajnok One Veszprém otthonában lép pályára. A találkozót 2026. szeptember 2-án, 18 órától rendezik a One Veszprém Arénában. Véget ért a nyári felkészülési időszak, csapatunk pedig rögtön két&hellip; </p></div>


<hr class="wp-block-separator has-css-opacity"/>


<div class="wp-block-post-date"><time datetime="2026-09-01T12:50:03+02:00">2026.09.01.</time></div>
</li><li class="wp-block-post post-5689 post type-post status-publish format-standard has-post-thumbnail hentry category-egyeb">
<h2 class="wp-block-post-title"><a href="https://gyorietouni.hu/en/2026/08/31/a-csapatkapitany-pasztor-imre/" target="_self" >A csapatkapitány: Pásztor Imre</a></h2>

<figure class="alignwide wp-block-post-featured-image"><a href="https://gyorietouni.hu/en/2026/08/31/a-csapatkapitany-pasztor-imre/" target="_self" ><img loading="lazy" decoding="async" width="1080" height="848" src="https://gyorietouni.hu/wp-content/uploads/Insta-meret-8-e1788189942524.png" class="attachment-post-thumbnail size-post-thumbnail wp-post-image" alt="A csapatkapitány: Pásztor Imre" style="object-fit:cover;" srcset="https://gyorietouni.hu/wp-content/uploads/Insta-meret-8-e1788189942524.png 1080w, https://gyorietouni.hu/wp-content/uploads/Insta-meret-8-e1788189942524-300x236.png 300w, https://gyorietouni.hu/wp-content/uploads/Insta-meret-8-e1788189942524-1024x804.png 1024w, https://gyorietouni.hu/wp-content/uploads/Insta-meret-8-e1788189942524-768x603.png 768w, https://gyorietouni.hu/wp-content/uploads/Insta-meret-8-e1788189942524-15x12.png 15w" sizes="auto, (max-width: 1080px) 100vw, 1080px" /></a></figure>

<div class="wp-block-post-excerpt"><p class="wp-block-post-excerpt__excerpt">A Kopornyik Zsolt vezette szakmai stáb kijelölte a 2026/27-es szezon csapatkapitányát és helyetteseit. A karszalagot Pásztor Imre viseli majd, aki csapatkapitányként vezetheti pályára az ETO University Handball Teamet, munkáját pedig Győri Mátyás és Hári Levente segíti helyettesként. A K&amp;H férfi kézilabda liga mérkőzésein így ezentúl Pásztor Imre vezetésével fut majd pályára csapatunk. Kopornyik Zsolt vezetőedző&hellip; </p></div>


<hr class="wp-block-separator has-css-opacity"/>


<div class="wp-block-post-date"><time datetime="2026-08-31T17:23:09+02:00">2026.08.31.</time></div>
</li><li class="wp-block-post post-5682 post type-post status-publish format-standard has-post-thumbnail hentry category-egyeb">
<h2 class="wp-block-post-title"><a href="https://gyorietouni.hu/en/2026/08/30/zold-feherben-bognar-alex/" target="_self" >ZÖLD-FEHÉRBEN | BOGNÁR ALEX</a></h2>

<figure class="alignwide wp-block-post-featured-image"><a href="https://gyorietouni.hu/en/2026/08/30/zold-feherben-bognar-alex/" target="_self" ><img loading="lazy" decoding="async" width="2241" height="2560" src="https://gyorietouni.hu/wp-content/uploads/2026_08_06_ETO-UNI-Veszprem-022-scaled.jpg" class="attachment-post-thumbnail size-post-thumbnail wp-post-image" alt="ZÖLD-FEHÉRBEN | BOGNÁR ALEX" style="object-fit:cover;" srcset="https://gyorietouni.hu/wp-content/uploads/2026_08_06_ETO-UNI-Veszprem-022-scaled.jpg 2241w, https://gyorietouni.hu/wp-content/uploads/2026_08_06_ETO-UNI-Veszprem-022-263x300.jpg 263w, https://gyorietouni.hu/wp-content/uploads/2026_08_06_ETO-UNI-Veszprem-022-897x1024.jpg 897w, https://gyorietouni.hu/wp-content/uploads/2026_08_06_ETO-UNI-Veszprem-022-768x877.jpg 768w, https://gyorietouni.hu/wp-content/uploads/2026_08_06_ETO-UNI-Veszprem-022-1345x1536.jpg 1345w, https://gyorietouni.hu/wp-content/uploads/2026_08_06_ETO-UNI-Veszprem-022-1793x2048.jpg 1793w, https://gyorietouni.hu/wp-content/uploads/2026_08_06_ETO-UNI-Veszprem-022-11x12.jpg 11w" sizes="auto, (max-width: 2241px) 100vw, 2241px" /></a></figure>

<div class="wp-block-post-excerpt"><p class="wp-block-post-excerpt__excerpt">A kézilabdával a Csanádi KSI színeiben ismerkedett meg Bognár Alex, majd a Rév TSC-t követően még tinédzserként Vácra került, ahol mindössze 17 évesen az NB I-ben is bemutatkozhatott. Tehetségére hamar felfigyeltek: 2019-ben az U19-es magyar válogatottal világbajnoki ötödik helyezést ért el, ugyanebben az évben pedig Magyarország legjobb ifjúsági férfi kézilabdázójának választották. Pályafutása következő meghatározó állomását&hellip; </p></div>


<hr class="wp-block-separator has-css-opacity"/>


<div class="wp-block-post-date"><time datetime="2026-08-30T19:04:14+02:00">2026.08.30.</time></div>
</li></ul></div>
