{"id":596,"date":"2024-08-26T10:05:25","date_gmt":"2024-08-26T08:05:25","guid":{"rendered":"https:\/\/gyorietouni.hu\/?page_id=596"},"modified":"2024-08-29T11:50:11","modified_gmt":"2024-08-29T09:50:11","slug":"hirek","status":"publish","type":"page","link":"https:\/\/gyorietouni.hu\/en\/hirek\/","title":{"rendered":"News"},"content":{"rendered":"<div class=\"wp-block-query is-layout-flow wp-block-query-is-layout-flow\"><ul class=\"columns-3 wp-block-post-template is-layout-grid wp-container-core-post-template-is-layout-6d3fbd8f wp-block-post-template-is-layout-grid\"><li class=\"wp-block-post post-5493 post type-post status-publish format-standard has-post-thumbnail hentry category-egyeb\">\n<h2 class=\"wp-block-post-title\"><a href=\"https:\/\/gyorietouni.hu\/en\/2026\/05\/01\/balatonfureden-folytatodik-a-bajnoksag\/\" target=\"_self\" >Balatonf\u00fcreden folytat\u00f3dik a bajnoks\u00e1g<\/a><\/h2>\n\n<figure class=\"alignwide wp-block-post-featured-image\"><a href=\"https:\/\/gyorietouni.hu\/en\/2026\/05\/01\/balatonfureden-folytatodik-a-bajnoksag\/\" target=\"_self\"  ><img loading=\"lazy\" decoding=\"async\" width=\"2048\" height=\"1446\" src=\"https:\/\/gyorietouni.hu\/wp-content\/uploads\/etobf-behari.jpg\" class=\"attachment-post-thumbnail size-post-thumbnail wp-post-image\" alt=\"Balatonf\u00fcreden folytat\u00f3dik a bajnoks\u00e1g\" style=\"object-fit:cover;\" srcset=\"https:\/\/gyorietouni.hu\/wp-content\/uploads\/etobf-behari.jpg 2048w, https:\/\/gyorietouni.hu\/wp-content\/uploads\/etobf-behari-300x212.jpg 300w, https:\/\/gyorietouni.hu\/wp-content\/uploads\/etobf-behari-1024x723.jpg 1024w, https:\/\/gyorietouni.hu\/wp-content\/uploads\/etobf-behari-768x542.jpg 768w, https:\/\/gyorietouni.hu\/wp-content\/uploads\/etobf-behari-1536x1085.jpg 1536w, https:\/\/gyorietouni.hu\/wp-content\/uploads\/etobf-behari-18x12.jpg 18w\" sizes=\"auto, (max-width: 2048px) 100vw, 2048px\" \/><\/a><\/figure>\n\n<div class=\"wp-block-post-excerpt\"><p class=\"wp-block-post-excerpt__excerpt\">A K&amp;H F\u00e9rfi K\u00e9zilabda Liga 24. fordul\u00f3j\u00e1ban Balatonf\u00fcreden vend\u00e9gszerepel az ETO University Handball Team g\u00e1rd\u00e1ja. Dely M\u00e1rton \u00e9s csapat\u00e1rsai az \u0151szi hazai bajnoki ut\u00e1n a Balaton partj\u00e1n is gy\u0151zni szeretn\u00e9nek. Lassan az ETO University Handball Team teljes kerete bevethet\u0151v\u00e9 v\u00e1lik a bajnoks\u00e1gban. Az \u00e9v eleji s\u00e9r\u00fcl\u00e9shull\u00e1mb\u00f3l m\u00e1r csak Krakovszki Zsolt mar\u00f3di, de hamarosan \u0151 is&hellip; <\/p><\/div>\n\n\n<hr class=\"wp-block-separator has-css-opacity\"\/>\n\n\n<div class=\"wp-block-post-date\"><time datetime=\"2026-05-01T16:50:20+02:00\">2026.05.01.<\/time><\/div>\n<\/li><li class=\"wp-block-post post-5484 post type-post status-publish format-standard has-post-thumbnail hentry category-egyeb\">\n<h2 class=\"wp-block-post-title\"><a href=\"https:\/\/gyorietouni.hu\/en\/2026\/04\/30\/radojica-cepic-az-eto-hoz-igazol\/\" target=\"_self\" >Radojica Cepic az ETO-hoz igazol<\/a><\/h2>\n\n<figure class=\"alignwide wp-block-post-featured-image\"><a href=\"https:\/\/gyorietouni.hu\/en\/2026\/04\/30\/radojica-cepic-az-eto-hoz-igazol\/\" target=\"_self\"  ><img loading=\"lazy\" decoding=\"async\" width=\"1000\" height=\"666\" src=\"https:\/\/gyorietouni.hu\/wp-content\/uploads\/cepic.jpg\" class=\"attachment-post-thumbnail size-post-thumbnail wp-post-image\" alt=\"Radojica Cepic az ETO-hoz igazol\" style=\"object-fit:cover;\" srcset=\"https:\/\/gyorietouni.hu\/wp-content\/uploads\/cepic.jpg 1000w, https:\/\/gyorietouni.hu\/wp-content\/uploads\/cepic-300x200.jpg 300w, https:\/\/gyorietouni.hu\/wp-content\/uploads\/cepic-768x511.jpg 768w, https:\/\/gyorietouni.hu\/wp-content\/uploads\/cepic-18x12.jpg 18w\" sizes=\"auto, (max-width: 1000px) 100vw, 1000px\" \/><\/a><\/figure>\n\n<div class=\"wp-block-post-excerpt\"><p class=\"wp-block-post-excerpt__excerpt\">Az ETO University Handball Team egy tehets\u00e9ges, komoly fejl\u0151d\u00e9si potenci\u00e1llal rendelkez\u0151 fiatal j\u00e1t\u00e9kossal er\u0151s\u00edti meg keret\u00e9t: Radojica Cepic a sv\u00e1jci bajnoks\u00e1gb\u00f3l igazol a magyar \u00e9lvonalba. A mind\u00f6ssze 23 \u00e9ves, jobbkezes l\u00f6v\u0151 fiatal kora ellen\u00e9re m\u00e1r jelent\u0151s nemzetk\u00f6zi tapasztalattal rendelkezik. P\u00e1lyafut\u00e1sa sor\u00e1n nyert szlov\u00e9n bajnoks\u00e1got \u00e9s sv\u00e1jci kup\u00e1t is, emellett Montenegr\u00f3 v\u00e1logatottj\u00e1nak sz\u00edneiben Eur\u00f3pa-bajnoks\u00e1gon \u00e9s vil\u00e1gbajnoks\u00e1gon&hellip; <\/p><\/div>\n\n\n<hr class=\"wp-block-separator has-css-opacity\"\/>\n\n\n<div class=\"wp-block-post-date\"><time datetime=\"2026-04-30T17:00:00+02:00\">2026.04.30.<\/time><\/div>\n<\/li><li class=\"wp-block-post post-5480 post type-post status-publish format-standard has-post-thumbnail hentry category-egyeb\">\n<h2 class=\"wp-block-post-title\"><a href=\"https:\/\/gyorietouni.hu\/en\/2026\/04\/29\/legendakat-koszontunk-a-veszprem-elleni-bajnokin-40-eve-nyert-ihf-kupat-a-raba-eto\/\" target=\"_self\" >Legend\u00e1kat k\u00f6sz\u00f6nt\u00fcnk a Veszpr\u00e9m elleni bajnokin \u2013 40 \u00e9ve nyert IHF Kup\u00e1t a R\u00e1ba ETO<\/a><\/h2>\n\n<figure class=\"alignwide wp-block-post-featured-image\"><a href=\"https:\/\/gyorietouni.hu\/en\/2026\/04\/29\/legendakat-koszontunk-a-veszprem-elleni-bajnokin-40-eve-nyert-ihf-kupat-a-raba-eto\/\" target=\"_self\"  ><img loading=\"lazy\" decoding=\"async\" width=\"1200\" height=\"652\" src=\"https:\/\/gyorietouni.hu\/wp-content\/uploads\/RABAETO.jpg\" class=\"attachment-post-thumbnail size-post-thumbnail wp-post-image\" alt=\"Legend\u00e1kat k\u00f6sz\u00f6nt\u00fcnk a Veszpr\u00e9m elleni bajnokin \u2013 40 \u00e9ve nyert IHF Kup\u00e1t a R\u00e1ba ETO\" style=\"object-fit:cover;\" srcset=\"https:\/\/gyorietouni.hu\/wp-content\/uploads\/RABAETO.jpg 1200w, https:\/\/gyorietouni.hu\/wp-content\/uploads\/RABAETO-300x163.jpg 300w, https:\/\/gyorietouni.hu\/wp-content\/uploads\/RABAETO-1024x556.jpg 1024w, https:\/\/gyorietouni.hu\/wp-content\/uploads\/RABAETO-768x417.jpg 768w, https:\/\/gyorietouni.hu\/wp-content\/uploads\/RABAETO-18x10.jpg 18w\" sizes=\"auto, (max-width: 1200px) 100vw, 1200px\" \/><\/a><\/figure>\n\n<div class=\"wp-block-post-excerpt\"><p class=\"wp-block-post-excerpt__excerpt\">Napra pontosan 40 \u00e9ves jubileum\u00e1t \u00fcnnepelj\u00fck a gy\u0151ri f\u00e9rfi k\u00e9zilabd\u00e1z\u00e1s nagy nemzetk\u00f6zi siker\u00e9nek, a R\u00c1BA ETO IHF Kupa gy\u0151zelm\u00e9nek a One Veszpr\u00e9m elleni bajnoki napj\u00e1n. A jeles alkalomra k\u00fcl\u00f6nleges programmal \u00e9s k\u00f6sz\u00f6nt\u00e9ssel k\u00e9sz\u00fcl klubunk. 1986. m\u00e1jus 10-\u00e9n az Technisan Alicante ellen nyerte el az IHF Kup\u00e1t a R\u00e1ba ETO f\u00e9rfi k\u00e9zilabda csapata. A magyar f\u00e9rfi&hellip; <\/p><\/div>\n\n\n<hr class=\"wp-block-separator has-css-opacity\"\/>\n\n\n<div class=\"wp-block-post-date\"><time datetime=\"2026-04-29T19:00:00+02:00\">2026.04.29.<\/time><\/div>\n<\/li><\/ul><\/div>","protected":false},"excerpt":{"rendered":"","protected":false},"author":2,"featured_media":0,"parent":0,"menu_order":0,"comment_status":"closed","ping_status":"closed","template":"hirek","meta":{"ngg_post_thumbnail":0,"footnotes":""},"class_list":["post-596","page","type-page","status-publish","hentry"],"_links":{"self":[{"href":"https:\/\/gyorietouni.hu\/en\/wp-json\/wp\/v2\/pages\/596","targetHints":{"allow":["GET"]}}],"collection":[{"href":"https:\/\/gyorietouni.hu\/en\/wp-json\/wp\/v2\/pages"}],"about":[{"href":"https:\/\/gyorietouni.hu\/en\/wp-json\/wp\/v2\/types\/page"}],"author":[{"embeddable":true,"href":"https:\/\/gyorietouni.hu\/en\/wp-json\/wp\/v2\/users\/2"}],"replies":[{"embeddable":true,"href":"https:\/\/gyorietouni.hu\/en\/wp-json\/wp\/v2\/comments?post=596"}],"version-history":[{"count":2,"href":"https:\/\/gyorietouni.hu\/en\/wp-json\/wp\/v2\/pages\/596\/revisions"}],"predecessor-version":[{"id":2083,"href":"https:\/\/gyorietouni.hu\/en\/wp-json\/wp\/v2\/pages\/596\/revisions\/2083"}],"wp:attachment":[{"href":"https:\/\/gyorietouni.hu\/en\/wp-json\/wp\/v2\/media?parent=596"}],"curies":[{"name":"wp","href":"https:\/\/api.w.org\/{rel}","templated":true}]}}

<div class="wp-block-query is-layout-flow wp-block-query-is-layout-flow"><ul class="columns-3 wp-block-post-template is-layout-grid wp-container-core-post-template-is-layout-6d3fbd8f wp-block-post-template-is-layout-grid"><li class="wp-block-post post-5493 post type-post status-publish format-standard has-post-thumbnail hentry category-egyeb">
<h2 class="wp-block-post-title"><a href="https://gyorietouni.hu/en/2026/05/01/balatonfureden-folytatodik-a-bajnoksag/" target="_self" >Balatonfüreden folytatódik a bajnokság</a></h2>

<figure class="alignwide wp-block-post-featured-image"><a href="https://gyorietouni.hu/en/2026/05/01/balatonfureden-folytatodik-a-bajnoksag/" target="_self"  ><img loading="lazy" decoding="async" width="2048" height="1446" src="https://gyorietouni.hu/wp-content/uploads/etobf-behari.jpg" class="attachment-post-thumbnail size-post-thumbnail wp-post-image" alt="Balatonfüreden folytatódik a bajnokság" style="object-fit:cover;" srcset="https://gyorietouni.hu/wp-content/uploads/etobf-behari.jpg 2048w, https://gyorietouni.hu/wp-content/uploads/etobf-behari-300x212.jpg 300w, https://gyorietouni.hu/wp-content/uploads/etobf-behari-1024x723.jpg 1024w, https://gyorietouni.hu/wp-content/uploads/etobf-behari-768x542.jpg 768w, https://gyorietouni.hu/wp-content/uploads/etobf-behari-1536x1085.jpg 1536w, https://gyorietouni.hu/wp-content/uploads/etobf-behari-18x12.jpg 18w" sizes="auto, (max-width: 2048px) 100vw, 2048px" /></a></figure>

<div class="wp-block-post-excerpt"><p class="wp-block-post-excerpt__excerpt">A K&amp;H Férfi Kézilabda Liga 24. fordulójában Balatonfüreden vendégszerepel az ETO University Handball Team gárdája. Dely Márton és csapatársai az őszi hazai bajnoki után a Balaton partján is győzni szeretnének. Lassan az ETO University Handball Team teljes kerete bevethetővé válik a bajnokságban. Az év eleji sérüléshullámból már csak Krakovszki Zsolt maródi, de hamarosan ő is&hellip; </p></div>


<hr class="wp-block-separator has-css-opacity"/>


<div class="wp-block-post-date"><time datetime="2026-05-01T16:50:20+02:00">2026.05.01.</time></div>
</li><li class="wp-block-post post-5484 post type-post status-publish format-standard has-post-thumbnail hentry category-egyeb">
<h2 class="wp-block-post-title"><a href="https://gyorietouni.hu/en/2026/04/30/radojica-cepic-az-eto-hoz-igazol/" target="_self" >Radojica Cepic az ETO-hoz igazol</a></h2>

<figure class="alignwide wp-block-post-featured-image"><a href="https://gyorietouni.hu/en/2026/04/30/radojica-cepic-az-eto-hoz-igazol/" target="_self"  ><img loading="lazy" decoding="async" width="1000" height="666" src="https://gyorietouni.hu/wp-content/uploads/cepic.jpg" class="attachment-post-thumbnail size-post-thumbnail wp-post-image" alt="Radojica Cepic az ETO-hoz igazol" style="object-fit:cover;" srcset="https://gyorietouni.hu/wp-content/uploads/cepic.jpg 1000w, https://gyorietouni.hu/wp-content/uploads/cepic-300x200.jpg 300w, https://gyorietouni.hu/wp-content/uploads/cepic-768x511.jpg 768w, https://gyorietouni.hu/wp-content/uploads/cepic-18x12.jpg 18w" sizes="auto, (max-width: 1000px) 100vw, 1000px" /></a></figure>

<div class="wp-block-post-excerpt"><p class="wp-block-post-excerpt__excerpt">Az ETO University Handball Team egy tehetséges, komoly fejlődési potenciállal rendelkező fiatal játékossal erősíti meg keretét: Radojica Cepic a svájci bajnokságból igazol a magyar élvonalba. A mindössze 23 éves, jobbkezes lövő fiatal kora ellenére már jelentős nemzetközi tapasztalattal rendelkezik. Pályafutása során nyert szlovén bajnokságot és svájci kupát is, emellett Montenegró válogatottjának színeiben Európa-bajnokságon és világbajnokságon&hellip; </p></div>


<hr class="wp-block-separator has-css-opacity"/>


<div class="wp-block-post-date"><time datetime="2026-04-30T17:00:00+02:00">2026.04.30.</time></div>
</li><li class="wp-block-post post-5480 post type-post status-publish format-standard has-post-thumbnail hentry category-egyeb">
<h2 class="wp-block-post-title"><a href="https://gyorietouni.hu/en/2026/04/29/legendakat-koszontunk-a-veszprem-elleni-bajnokin-40-eve-nyert-ihf-kupat-a-raba-eto/" target="_self" >Legendákat köszöntünk a Veszprém elleni bajnokin – 40 éve nyert IHF Kupát a Rába ETO</a></h2>

<figure class="alignwide wp-block-post-featured-image"><a href="https://gyorietouni.hu/en/2026/04/29/legendakat-koszontunk-a-veszprem-elleni-bajnokin-40-eve-nyert-ihf-kupat-a-raba-eto/" target="_self"  ><img loading="lazy" decoding="async" width="1200" height="652" src="https://gyorietouni.hu/wp-content/uploads/RABAETO.jpg" class="attachment-post-thumbnail size-post-thumbnail wp-post-image" alt="Legendákat köszöntünk a Veszprém elleni bajnokin – 40 éve nyert IHF Kupát a Rába ETO" style="object-fit:cover;" srcset="https://gyorietouni.hu/wp-content/uploads/RABAETO.jpg 1200w, https://gyorietouni.hu/wp-content/uploads/RABAETO-300x163.jpg 300w, https://gyorietouni.hu/wp-content/uploads/RABAETO-1024x556.jpg 1024w, https://gyorietouni.hu/wp-content/uploads/RABAETO-768x417.jpg 768w, https://gyorietouni.hu/wp-content/uploads/RABAETO-18x10.jpg 18w" sizes="auto, (max-width: 1200px) 100vw, 1200px" /></a></figure>

<div class="wp-block-post-excerpt"><p class="wp-block-post-excerpt__excerpt">Napra pontosan 40 éves jubileumát ünnepeljük a győri férfi kézilabdázás nagy nemzetközi sikerének, a RÁBA ETO IHF Kupa győzelmének a One Veszprém elleni bajnoki napján. A jeles alkalomra különleges programmal és köszöntéssel készül klubunk. 1986. május 10-én az Technisan Alicante ellen nyerte el az IHF Kupát a Rába ETO férfi kézilabda csapata. A magyar férfi&hellip; </p></div>


<hr class="wp-block-separator has-css-opacity"/>


<div class="wp-block-post-date"><time datetime="2026-04-29T19:00:00+02:00">2026.04.29.</time></div>
</li></ul></div>
